-5*o. Let y be 958/5 - b/30. Suppose -5*i + y = 67. Is i prime?
False
Suppose -5*f - 14118 = -u, -3*u + 8*u - 70735 = -4*f. Is u composite?
False
Is (-59534)/(-12)*2 + (-4)/(-6) prime?
True
Suppose -2*w + 4961 = -3413. Is w prime?
False
Let n be 2/(-13) + 8383/(-13) - -1. Let a = n - -1279. Is a a composite number?
True
Let z = 6168 + 3124. Suppose -5*t - z = -9*t. Is t a composite number?
True
Let n(z) = -z**3 + z**2 + 9*z + 2. Let k = 63 - 72. Is n(k) a composite number?
True
Let v(k) = -162*k + 247. Is v(-31) prime?
False
Suppose 15*j + 10 = 13*j. Is 262 + 0 + (-5)/j composite?
False
Let d(i) = 306*i**2 - 3402 - 2*i + i + 3402. Suppose -3*p + 13 = r - 2*r, -4*r - 4*p + 12 = 0. Is d(r) a prime number?
True
Let b = -21806 - -34493. Is b prime?
False
Let u be 3 - (2 + -1 - 0/(-2)). Is (-159)/(-5 + 4) - 1*u a composite number?
False
Let j(i) = i + 3. Let m be j(17). Suppose 4*q - 4*k + 52 = 0, k + 4*k - m = 0. Let g(w) = w**3 + 10*w**2 + 5*w + 1. Is g(q) a composite number?
False
Suppose -4*l + 3*q = -14945, -5*q = 9*l - 4*l - 18690. Is l a prime number?
False
Let a = -88 - -106. Suppose 23*w - 2425 = a*w. Is w prime?
False
Let t = -5935 + 10572. Is t a prime number?
True
Let b = 561 + -154. Is b prime?
False
Let y be 7 - (15/3 - 1). Suppose -3*t - 10 = -4*h - 0, 0 = -5*h + y*t + 11. Let l(s) = 188*s + 3. Is l(h) a composite number?
False
Suppose 0 = 5*h + h - 68010. Is h prime?
False
Suppose 4*y - 2*n - 45582 = 0, 4*y = -30*n + 25*n + 45547. Is y prime?
True
Let m(z) = -z - 1. Let y be m(-3). Suppose -9 - 29 = y*s. Let k = s - -62. Is k prime?
True
Let n(u) = -4 + 8*u - 98*u - 9*u. Let l be n(-3). Let o = 36 + l. Is o composite?
True
Let p be (7 - (-4 - -3)) + 4. Let q = 6 - p. Let m(g) = -97*g - 9. Is m(q) a composite number?
True
Let s(l) = l**2 - l. Let a be s(2). Let b(d) = -6 + 1 + 16*d + 4 + 18*d**a. Is b(6) a composite number?
False
Let q(z) = 11*z - 4 + 4 - 1. Suppose -2*p + 25 = 3*g, -2 - 5 = -2*p + 3*g. Is q(p) prime?
False
Let d(l) = 343*l**3 - 2*l**2 + 1. Let j be d(2). Suppose -6*p = p - j. Is p a composite number?
True
Suppose o - 3573 = -4*d, 20*o - 18*o - 4*d = 7206. Is o a prime number?
True
Is (-2)/17 - ((-1871705)/187 + 12) composite?
True
Suppose -2*k - 29406 = -4*j + 21622, 3*k = -5*j + 63785. Is j a prime number?
True
Suppose -5*p + 3*p + 3*y + 4855 = 0, -4*y + 20 = 0. Is p a prime number?
False
Let t(s) = 3*s**3 - 2*s**2 - 2*s + 8. Let x be t(6). Suppose -6*l - x = -10*l. Suppose 0 = 5*j + 5*p - 27 - l, 5*j - p - 170 = 0. Is j prime?
False
Let k(i) = 390*i - 7. Is k(6) prime?
True
Let y be ((-5)/(15/48))/(-2). Let f = y - 4. Suppose 0*r - 2*r - k + 114 = 0, 2*k = f*r - 212. Is r a prime number?
False
Let t = 11 - 3. Suppose c + h = 10, c - h = -2*c + 10. Is (t - c)*(53 + 0) composite?
True
Let q = 12409 + 18662. Is q composite?
True
Suppose c - 387 = -78. Suppose -68 - c = -f. Is f a prime number?
False
Let r = -48 + 52. Suppose -4*p + 182 = 3*s + p, -r*p + 299 = 5*s. Is s composite?
False
Suppose 785 = 7*f - 2*f. Suppose 4*s = -r - r + 122, 0 = -3*r - s + 188. Let z = f - r. Is z prime?
False
Let r = 978 - -5185. Is r a composite number?
False
Let o(s) = 4*s**3 - 11*s**2 + 4*s + 33. Is o(8) a prime number?
True
Suppose -3*n + 216849 = 5*u - n, 173482 = 4*u + 3*n. Is u prime?
False
Is ((-57278)/39 + 0)/(2/(-3)) composite?
False
Is 11282 + -1 - (-4 - 4)/4 a composite number?
True
Let p = -9 + 9. Suppose 119 = v - 5*k, p*v + 357 = 3*v + 2*k. Is v composite?
True
Let j(c) = 2*c**2 - 6*c - 1. Suppose 30 + 6 = 4*y - 2*w, w - 10 = -2*y. Let t = -14 + y. Is j(t) a prime number?
True
Let a(o) = 3*o**2 - 3*o - 355. Let j(y) = -7*y**2 + 7*y + 711. Let l(v) = -5*a(v) - 2*j(v). Is l(0) prime?
True
Is 2022 - (115/35 + (-4)/14) prime?
False
Suppose -2*k = -9*k + 28. Suppose 1248 = k*n + 5*z - 313, -2*n + 775 = -3*z. Is n composite?
False
Let u be (-298)/8*(-435 - 3/3). Suppose -5*d + u = 846. Is d composite?
False
Suppose -5*v + 5*u + 164180 = 0, 9*v + u - 360487 = -64933. Is v a prime number?
True
Let d(a) = 40*a**2 + 18*a + 35. Is d(9) a composite number?
True
Is 3664 + 49/7 - 12 composite?
False
Let b(t) = -125*t - 84. Is b(-5) prime?
True
Let t(c) = c**2 - c + 1. Let g be t(2). Suppose -z + s + 85 + 30 = 0, -12 = -g*s. Is z composite?
True
Let p(t) = -t**3 + 8*t**2 + 3. Let d = -10 - -19. Let c be p(d). Is (-3)/3*(c + -1) composite?
False
Suppose 2*h - 1112 = 4*s, -165 = 3*h - 3*s - 1842. Let u = h + -323. Is u prime?
True
Suppose 4*p - 2*q - 4311 = 3*p, 4*p = -2*q + 17294. Is p a composite number?
True
Suppose -y + 19840 = -3*q, 5*q = 2 + 13. Is y composite?
True
Is 8/(64/88) - -5886 composite?
False
Suppose 0 = -3*l - 11 - 7. Let m be ((-3)/l)/(2/8). Is (m - -7)*(-11)/(-3) a prime number?
False
Let v(k) = -138*k**3 + 2*k - 2. Let q be v(2). Let h = q + 1775. Is h composite?
False
Suppose 0 = 2*c - 5410 + 680. Suppose p + c = 3*o, -3*o + 2264 + 97 = 3*p. Suppose -5*i + l = -o, 3*i + 2*l = l + 468. Is i prime?
True
Suppose -2*x = -2*r - 6, 2*x = 3*r - 3*x + 15. Suppose -g - 2*u + r*u = -17, 5*u = 5*g - 25. Is 422/(3*6/g) a composite number?
False
Let b = 242 - 118. Let g be 10*((-14)/4)/1. Let a = b + g. Is a a prime number?
True
Let r(d) = -7*d**3 - 6*d**2 + 9*d - 16. Let k be r(7). Let g = k + 4125. Is g composite?
True
Let r be 14/4*2*79. Suppose 3*a = -3*c + 241 - 1192, 3*a = -3. Let k = c + r. Is k composite?
True
Let q = 96 + -104. Let n(t) = 3*t**2 + 2 - 2 + 8*t + 1. Is n(q) composite?
True
Let x = -35878 + 61499. Is x a composite number?
False
Suppose 6*y - 5*y - 1151 = -4*d, 4*d = 2*y - 2266. Is y composite?
True
Suppose 4*r + 5*l - 88 = 0, -l + 35 = 3*r - 5*l. Suppose -4*f + r = 13. Is (-2)/f*(-586)/4 a composite number?
False
Let x = 1950 - 1102. Suppose 7*p - 4689 = x. Is p a prime number?
False
Suppose -11 = 2*k + 5*o, 4*o - 15 = -5*k - 0*o. Suppose -4 + 4 = 11*j. Let h = j + k. Is h composite?
False
Let n(d) = -881*d + 143. Is n(-16) composite?
True
Let w(l) = l**2 - 4*l + 5. Let h be w(4). Suppose h*c - 3*i = -2*i - 812, 0 = 3*c + 3*i + 480. Let s = 341 + c. Is s a composite number?
False
Let b be (4 - 16)/(-3) + 2. Let p = b + 7. Let j = 28 - p. Is j prime?
False
Is 1412 + 13/52*-12 prime?
True
Let c = 823 + 1387. Suppose -7*z + 891 = -c. Is z composite?
False
Suppose -5*c + 5 = -5, 0 = -3*h + 5*c + 25691. Is h a composite number?
True
Let b = -465 + 1226. Is b composite?
False
Let m = 13 - 8. Suppose 0 = 26*q - 68 + 16. Is (q + m/(-2))*-278 a composite number?
False
Let a(q) = -11804*q - 303. Is a(-4) composite?
True
Suppose 0 = -2*i + 2*w + 70, 2*i = -6*w + w + 70. Let c be 70791/i + 2/5. Suppose -r - 5*m = -859, -c - 498 = -3*r - m. Is r a composite number?
False
Let t(p) = 2*p**2 + 16*p + 17. Let c be t(-15). Let y = -553 + c. Let j = y + 563. Is j a composite number?
True
Let f(i) = 31*i - 10. Suppose b = 1, 5*u = u + 2*b + 42. Is f(u) a composite number?
False
Suppose 22*r = 757 + 717. Is r a prime number?
True
Let j(t) = 3*t - 107. Let p(x) = -71 + 0*x + 2*x + 0*x. Let q(u) = 5*j(u) - 8*p(u). Is q(0) prime?
False
Let r be 629/51 + 2/(-6). Let n = r + -8. Suppose -n*y + 289 = -163. Is y a prime number?
True
Let o = -39 + 50. Suppose -1604 = -o*k + 6503. Is k a prime number?
False
Let c(z) = -269*z**3 - 2*z - 3. Suppose 4*v = -6*v - 20. Is c(v) prime?
True
Let i = -572 - -1831. Is i prime?
True
Is 64/(-112) - 193885/(-35) prime?
False
Let v(w) = 2*w**2 - 17*w + 4. Let y(a) = -14*a**2. Let s be y(1). Let k = 27 + s. Is v(k) a prime number?
False
Is (298/2)/(32/6 + -5) prime?
False
Let x(q) be the third derivative of 7*q**5/60 + q**4/12 + 5*q**3/3 + 7*q**2. Is x(3) a composite number?
False
Suppose 84*d + 39692 = 88*d. Is d a composite number?
False
Let x = -106 + 70. Let i be 4/x + 732/27. Let o = 358 - i. Is o a prime number?
True
Let m = -379 + 482. Is m a composite number?
False
Let s(p) = 175*p + 38. Let o be s(11). Suppose 8692 - o = 3*m. Is m prime?
True
Let h(c) = c**3 - 46*c**2 + 13*c - 23. Is h(49) a composite number?
False
Let u = 8 - 6. Suppose 0 = -4*w - 5*q + 1741, 4*w - 6*q - 1771 = -q. Suppose 3*g + g - w = i, -434 = -4*g + u*i. Is g a composite number?
True
Suppose -z - 11*z + 804 = 0. Suppose -z = -4*f - s + 780, 841 = 4*f - s. Is f composite?
False
Let h(v) = -5*v**3 - 17*v**2 + 39*v - 26